?
False
Is 29276550 a multiple of 89?
True
Is 858796400 a multiple of 35?
True
Is 47 a factor of 11057681?
False
Does 337 divide 16119721?
True
Is 6165 a factor of 4154464991?
False
Is 352 a factor of 1607074?
False
Is 61 a factor of 16058189?
True
Is 67316351 a multiple of 1064?
False
Is 1640616 even?
True
Is 194466482 a multiple of 38?
True
Does 1893 divide 152125983?
False
Does 220 divide 38212900?
True
Is 1004912254 a multiple of 823?
False
Is 561 a factor of 284205246?
False
Does 226 divide 1150267252?
False
Is 5577998 a multiple of 8?
False
Is 864106215 a multiple of 4192?
False
Is 2 a factor of 84926607?
False
Does 11 divide 1028693147?
False
Does 646 divide 58904218?
True
Does 211 divide 4287731?
True
Is 1208176191 a multiple of 1903?
False
Does 58 divide 23614120?
True
Is 46549411 a multiple of 14?
False
Is 470806684 a multiple of 2531?
False
Is 52650028 a multiple of 2?
True
Does 3 divide 323994410?
False
Is 82 a factor of 43888614?
True
Is 49 a factor of 1082009180?
True
Does 912 divide 1192119459?
False
Does 22 divide 11809314?
True
Is 42 a factor of 245906968?
False
Is 929654084 a multiple of 978?
False
Is 1735161729 a multiple of 25?
False
Is 41 a factor of 17437756?
False
Is 1016820146 a multiple of 2386?
True
Does 9 divide 1014912?
True
Is 1200479208 a multiple of 2264?
True
Is 2131092044 a multiple of 173?
False
Is 23487670 a multiple of 4?
False
Is 114962923 a multiple of 122?
False
Is 39 a factor of 155877345?
True
Does 2 divide 57722934?
True
Does 119 divide 501791822?
True
Does 2661 divide 671703238?
False
Is 316823334 a multiple of 13?
False
Is 190713240 a multiple of 4140?
True
Is 49286144 a multiple of 530?
False
Is 63 a factor of 132075342?
True
Does 773 divide 72099418?
False
Does 3 divide 323579105?
False
Does 39 divide 208931585?
False
Does 7 divide 4511269?
True
Is 6000727 a multiple of 39?
False
Is 1688478624 a multiple of 119?
True
Does 176 divide 21929591?
False
Does 21 divide 14505671?
False
Is 840 a factor of 2677575600?
True
Is 5134 a factor of 1635877224?
True
Is 51 a factor of 1075511664?
True
Does 13 divide 882810383?
True
Is 49 a factor of 768765315?
False
Is 4268756 a multiple of 2?
True
Does 3 divide 3074997?
True
Is 855161505 a multiple of 279?
True
Is 11776070 a multiple of 170?
True
Is 18 a factor of 67533440?
False
Is 6 a factor of 363559524?
True
Is 1036344 a multiple of 14?
False
Does 447 divide 195123993?
True
Is 1220 a factor of 142630200?
True
Does 9 divide 2571435?
True
Does 12 divide 15849122?
False
Is 46 a factor of 13795897?
False
Is 1049 a factor of 177917100?
False
Is 2143 a factor of 69893917?
False
Does 161 divide 5254565?
False
Is 25 a factor of 2376977450?
True
Is 661999208 a multiple of 1693?
False
Is 2393216368 a multiple of 13808?
True
Does 7 divide 49455903?
True
Is 186801626 a multiple of 11?
True
Is 1284 a factor of 643476600?
True
Is 331694460 a multiple of 3132?
True
Is 1601270 a multiple of 14?
False
Is 917 a factor of 1920461646?
False
Does 18 divide 82208646?
True
Is 633 a factor of 1725558?
True
Does 352 divide 68280516?
False
Does 1080 divide 44499240?
True
Is 63 a factor of 94327176?
False
Is 5 a factor of 407250400?
True
Does 75 divide 61057581?
False
Does 157 divide 435998106?
True
Is 4385764623 a multiple of 4313?
True
Does 3 divide 18717600?
True
Is 6020 a factor of 1032490933?
False
Is 916482639 a multiple of 168?
False
Does 374 divide 10009362?
True
Does 1594 divide 21436112?
True
Is 7 a factor of 1976135266?
True
Is 704932206 a multiple of 2571?
True
Does 3 divide 2196218?
False
Does 200 divide 924240740?
False
Is 38838036 a multiple of 6?
True
Does 78 divide 322397094?
False
Is 12056721 a multiple of 11?
False
Is 2501596651 a multiple of 621?
False
Does 11 divide 97818328?
False
Is 185 a factor of 302992815?
True
Is 48 a factor of 42339072?
True
Is 1219 a factor of 44567859?
True
Does 21 divide 793026164?
False
Is 2 a factor of 24552631?
False
Is 12464739 a multiple of 2?
False
Is 49877216 a multiple of 2059?
True
Is 29601000 a multiple of 78?
True
Is 13032208 a multiple of 144?
False
Does 10 divide 454507340?
True
Is 46 a factor of 122309814?
True
Is 20 a factor of 26468620?
True
Is 1448900554 a multiple of 2730?
False
Is 188459496 a multiple of 36?
True
Is 450 a factor of 461676579?
False
Is 1486668336 a multiple of 18?
False
Does 36 divide 45571860?
True
Is 237 a factor of 458669557?
False
Does 2512 divide 712815968?
False
Does 20 divide 44966967?
False
Does 4 divide 3006380?
True
Is 8 a factor of 165805511?
False
Is 55333408 a multiple of 6896?
False
Is 18 a factor of 41387814?
True
Is 19082600 a multiple of 25?
True
Is 2248274045 a multiple of 8225?
False
Does 4205 divide 711368260?
True
Is 26 a factor of 15038817?
False
Is 14 a factor of 46009211?
False
Does 10 divide 784888510?
True
Does 10 divide 206553270?
True
Is 43550066 a multiple of 4093?
False
Does 22 divide 147910123?
False
Does 13 divide 1904095882?
True
Does 159 divide 151326342?
True
Is 1515 a factor of 3027477401?
False
Is 30 a factor of 22059600?
True
Is 63002588 a multiple of 233?
False
Is 81631669 a multiple of 4142?
False
Is 198 a factor of 282324255?
False
Is 1936 a factor of 184740260?
False
Does 93 divide 17889716?
False
Is 76980019 even?
False
Is 1447888266 a multiple of 578?
True
Is 1100 a factor of 238536213?
False
Is 52514825 a multiple of 9?
False
Is 7419 a factor of 383384244?
True
Is 302 a factor of 12236747?
False
Does 15 divide 984895740?
True
Is 379 a factor of 26947011?
False
Is 16170692 a multiple of 172?
False
Is 20 a factor of 8197620?
True
Does 792 divide 231530996?
False
Is 32 a factor of 11490968?
False
Is 148259311 a multiple of 67?
False
Is 69058829 a multiple of 38?
False
Is 36196798 a multiple of 622?
False
Is 297 a factor of 12135717?
True
Is 57 a factor of 1550915398?
False
Does 60 divide 505830180?
True
Is 538558350 a multiple of 3410?
True
Does 421 divide 24151551?
False
Does 22 divide 15339412?
True
Does 972 divide 653457132?
True
Is 3 a factor of 21436085?
False
Does 573 divide 1468696410?
True
Is 109 a factor of 2728768?
False
Does 182 divide 203628764?
False
Is 135 a factor of 39638430?
True
Does 15 divide 1928357430?
True
Does 709 divide 849034590?
True
Is 316 a factor of 1858650665?
False
Is 173404336 a multiple of 14?
True
Is 664959572 a multiple of 670?
False
Is 6162 a factor of 97878776?
False
Does 2914 divide 8683720?
True
Does 23 divide 159689?
True
Does 108 divide 55227537?
False
Is 237287623 a multiple of 556?
False
Is 92763381 a multiple of 68?
False
Does 2 divide 36480590?
True
Is 728 a factor of 1202993270?
False
Is 22364179 a multiple of 1249?
False
Does 65 divide 726184809?
False
Does 6 divide 23870065?
False
Is 406 a factor of 4487095?
False
Does 60 divide 410249490?
False
Is 809592557 a multiple of 506?
False
Is 492 a factor of 553972320?
True
Is 12529689 a multiple of 416?
False
Does 7323 divide 64186095?
True
Is 23 a factor of 79980533?
False
Is 92 a factor of 19124470?
False
Does 38 divide 755450412?
True
Does 110 divide 4552333?
False
Is 160278818 a multiple of 7?
True
Is 105116902 a multiple of 746?
False
Is 3813234 a multiple of 75?
False
Does 90 divide 1246890690?
True
Does 114 divide 159655827?
False
Does 523 divide 22695358?
False
Is 8220 a factor of 853249289?
False
Is 4 a factor of 131373769?
False
Is 99 a factor of 1468429974?
True
Does 11 divide 178035692?
False
Is 12 a factor of 3246720?
True
Is 414433912 a multiple of 232?
False
Is 139 a factor of 341168344?
False
Is 1806 a factor of 1294323708?
False
Does 5262 divide 1730419224?
True
Is 1403880478 a multiple of 11858?
True
Is 468183405 a multiple of 291?
False
Is 3 a factor of 1557146?
False
Is 16 a factor of 1995297850?
False
Is 129759060 a multiple of 20?
True
Is 72 a factor of 35186688?
True
Does 10 divide 103208920?
True
Does 22 divide 1154551938?
False
Is 5804 a factor of 89378234?
False
Does 18 divide 332190540?
True
Does 14 divide 491404084?
False
Does 24 divide 3895996622?
False
Does 312 divide 107384472?
True
Is 333 a factor of 71876385?
True
Is 48539214 a multiple of 40?
False
Is 2 a factor of 53085893?
False
Is 778587284 a multiple of 34?
True
Is 52655562 a multiple of 34?
True
Is 139055497 a multiple of 7?
True
Is 285324631 a multiple of 6?
False
Does 13 divide